
True
Is 77620414 a multiple of 29?
True
Does 11 divide 3345557886?
True
Is 88 a factor of 31736584?
True
Is 249884487 a multiple of 151?
False
Is 747 a factor of 13379874?
False
Does 77 divide 36347106?
False
Does 10 divide 103828030?
True
Is 108 a factor of 1824557832?
True
Is 183885840 a multiple of 635?
True
Is 3095 a factor of 111837825?
True
Does 1658 divide 56497218?
False
Is 74501859 a multiple of 16?
False
Is 23371542 a multiple of 414?
True
Does 53 divide 800242318?
False
Does 65 divide 34949205?
False
Does 22 divide 6940934?
True
Is 293031745 a multiple of 2389?
False
Is 1066 a factor of 64098425?
False
Is 47 a factor of 17334154?
False
Does 47 divide 46997134?
False
Is 1860973464 a multiple of 9?
False
Is 2 a factor of 48463806?
True
Is 2687143680 a multiple of 260?
True
Does 61 divide 201856320?
True
Is 4833 a factor of 155112427?
False
Is 99 a factor of 404961484?
False
Is 1169380 a multiple of 5?
True
Is 929360222 a multiple of 3566?
True
Does 704 divide 15540021?
False
Is 14 a factor of 64105033?
False
Does 681 divide 231667322?
False
Is 112461930 a multiple of 2335?
False
Does 560 divide 331828560?
True
Does 1074 divide 41148587?
False
Does 6115 divide 851344395?
False
Is 20 a factor of 188075333?
False
Is 1844 a factor of 10729825?
False
Is 25706924 a multiple of 404?
True
Does 291 divide 1076798009?
False
Is 44 a factor of 224305576?
True
Does 1196 divide 19901440?
True
Does 16 divide 3829929472?
True
Is 45 a factor of 53824186?
False
Is 22714113 a multiple of 970?
False
Does 439 divide 34029902?
False
Is 1844833 a multiple of 13?
False
Is 331195817 a multiple of 26?
False
Does 145 divide 24889946?
False
Is 7627 a factor of 1740060926?
False
Does 13 divide 77099716?
False
Does 3753 divide 399389548?
False
Is 987690 a multiple of 451?
True
Does 111 divide 152453306?
False
Does 1440 divide 50564077?
False
Is 12797652 a multiple of 21?
True
Is 69602396 a multiple of 262?
True
Is 694 a factor of 89373320?
True
Does 13 divide 114295958?
False
Is 316 a factor of 28328136?
True
Is 45 a factor of 171430200?
True
Is 564353438 a multiple of 1886?
True
Does 18 divide 41683059?
False
Is 546916980 a multiple of 268?
True
Is 48939268 a multiple of 4?
True
Does 6 divide 7026294?
True
Is 20882416 a multiple of 382?
False
Is 1861 a factor of 693423820?
False
Is 449 a factor of 116920498?
True
Is 8137848 a multiple of 422?
True
Is 106888870 a multiple of 514?
True
Is 86183642 a multiple of 8?
False
Is 1821965319 a multiple of 9?
True
Is 11 a factor of 844748358?
False
Is 12 a factor of 9551748?
True
Is 99450746 a multiple of 131?
True
Does 21 divide 38214861?
False
Is 310323692 a multiple of 106?
True
Is 199 a factor of 56524996?
False
Is 1971974607 a multiple of 37?
True
Is 147 a factor of 15345726?
False
Is 44 a factor of 71920552?
True
Does 375 divide 187338815?
False
Does 16 divide 14030299?
False
Is 14371695 a multiple of 2155?
True
Is 41462421 a multiple of 21?
True
Is 363 a factor of 71389262?
False
Is 1121120517 a multiple of 11?
True
Is 35 a factor of 770728321?
False
Is 12 a factor of 1312488696?
True
Is 28618912 a multiple of 56?
True
Is 83450527 a multiple of 36?
False
Does 28 divide 314466980?
False
Is 16905225 a multiple of 194?
False
Does 14 divide 27879617?
False
Does 369 divide 384269958?
True
Is 1006706088 a multiple of 1206?
True
Is 33 a factor of 52760646?
False
Does 293 divide 2948937176?
True
Is 11 a factor of 1045645351?
False
Is 91 a factor of 1128069885?
False
Does 114 divide 243643134?
False
Is 122 a factor of 1901351456?
True
Is 6747 a factor of 497058237?
True
Is 757942226 a multiple of 5100?
False
Does 275 divide 2868119925?
True
Is 6126 a factor of 291836988?
False
Is 4161 a factor of 853615516?
False
Is 726293999 a multiple of 131?
True
Is 163677501 a multiple of 1032?
False
Is 143992970 a multiple of 1969?
True
Is 4469743495 a multiple of 12?
False
Is 2664952 a multiple of 1326?
False
Is 146249916 a multiple of 14?
False
Is 614665382 a multiple of 111?
False
Is 845 a factor of 701358450?
True
Does 11 divide 9816928?
True
Is 728521 a multiple of 47?
False
Is 27 a factor of 1875722562?
True
Is 426690300 a multiple of 4480?
False
Does 76 divide 99943924?
False
Is 591708930 a multiple of 15?
True
Does 11 divide 287489224?
True
Is 302539954 a multiple of 35?
False
Does 69 divide 293641324?
False
Is 47349900 a multiple of 1846?
True
Is 25241108 a multiple of 2?
True
Does 14 divide 6389183472?
True
Is 78639700 a multiple of 2281?
False
Is 12102684 a multiple of 132?
True
Is 7871356 a multiple of 194?
True
Does 1487 divide 366431001?
True
Is 73919104 a multiple of 896?
True
Is 6 a factor of 538225531?
False
Is 58402225 a multiple of 25?
True
Is 28140622 a multiple of 31?
True
Is 115 a factor of 159006155?
False
Is 3726230 a multiple of 5?
True
Does 20 divide 2565814306?
False
Does 172 divide 102183587?
False
Does 782 divide 37450762?
True
Is 103928186 a multiple of 94?
True
Is 13088717 a multiple of 41?
True
Does 299 divide 80571530?
True
Is 553 a factor of 114749159?
True
Does 276 divide 1136980068?
True
Is 4890902 a multiple of 47?
False
Is 38 a factor of 545982916?
False
Does 40 divide 1197850360?
True
Is 22 a factor of 7873536?
True
Is 652062783 a multiple of 2166?
False
Does 8 divide 937015596?
False
Is 8374 a factor of 1654950874?
False
Does 23 divide 115215533?
True
Is 31717386 a multiple of 12?
False
Does 1437 divide 47918366?
False
Is 711 a factor of 2071949644?
False
Does 1427 divide 638438408?
False
Is 16025216 a multiple of 34?
False
Is 1146390791 a multiple of 41?
True
Does 1888 divide 666550341?
False
Is 1566646139 a multiple of 17682?
False
Is 93793234 a multiple of 1882?
True
Is 384606 a multiple of 2787?
True
Does 212 divide 9776974?
False
Is 525 a factor of 334432875?
True
Is 12 a factor of 3707089672?
False
Is 9681 a factor of 3790528432?
False
Does 3 divide 33337844?
False
Is 11 a factor of 168995442?
True
Is 797 a factor of 5734415?
True
Is 15 a factor of 43484584?
False
Is 14 a factor of 9289840?
True
Does 1146 divide 156963036?
True
Is 54 a factor of 23825772?
True
Is 259386850 a multiple of 25?
True
Is 844541 a multiple of 36?
False
Is 15 a factor of 185582876?
False
Does 87 divide 60924969?
True
Is 44949025 a multiple of 55?
True
Is 662 a factor of 221949640?
False
Does 65 divide 41716935?
True
Is 3707 a factor of 461288947?
False
Is 13547312 a multiple of 16?
True
Does 547 divide 22160064?
True
Does 121 divide 848296999?
True
Is 203227755 even?
False
Is 121051637 a multiple of 329?
False
Is 2400894 a multiple of 27?
True
Is 3429041970 a multiple of 294?
False
Does 10 divide 2036105808?
False
Is 366 a factor of 382712658?
True
Is 39 a factor of 132990624?
True
Is 746687523 a multiple of 2815?
False
Is 114105125 a multiple of 201?
False
Is 280583346 a multiple of 43?
False
Does 179 divide 617386?
False
Is 22282806 a multiple of 1554?
True
Does 1382 divide 50814758?
True
Is 595 a factor of 4123350?
True
Is 10 a factor of 4682824970?
True
Is 5219 a factor of 710523732?
False
Does 1804 divide 98520048?
True
Is 94 a factor of 13311226?
False
Is 63604368 a multiple of 144?
True
Is 17874 a factor of 5242908924?
True
Does 39 divide 245157900?
True
Is 84 a factor of 15474821?
False
Is 9969351 a multiple of 18?
False
Is 167768415 a multiple of 6?
False
Is 175196239 a multiple of 126?
False
Is 64819053 a multiple of 39?
True
Is 215 a factor of 1709199475?
True
Is 1158 a factor of 21609577?
False
Is 2443444642 a multiple of 70?
False
Is 19190060 a multiple of 10?
True
Is 6735360 a multiple of 60?
True
Does 33 divide 31061877?
True
Does 9 divide 151025301?
True
Is 16 a factor of 209760?
True
Does 100 divide 2719700?
True
Does 11 divide 1920722474?
True
Does 208 divide 136073392?
True
Does 9 divide 28105605?
True
Is 279 a factor of 114277563?
True
Does 304 divide 1184758528?
True
Is 60802155 a multiple of 177?
True
Does 1026 divide 217274994?
True
Is 596 a factor of 691266428?
True
Is 1368408 a multiple of 201?
True
Is 947 a factor of 100537635?
False
Is 324618242 a multiple of 26?
True
Is 549265992 a multiple of 12?
True
Is 72 a factor of 65376648?
True
Does 19 divide 87242593?
False
Is 3985 a factor of 114273914?
False
Does 520 divide 3091527?
False
Is 210 a factor of 25512956?
False
Is 125529690 a mu